{"id":371,"date":"2018-02-26T15:14:41","date_gmt":"2018-02-26T13:14:41","guid":{"rendered":"http:\/\/www.erdoganozkaya.com.tr\/?page_id=371"},"modified":"2018-02-26T15:14:41","modified_gmt":"2018-02-26T13:14:41","slug":"dba-kantar-tartim-otomasyonu","status":"publish","type":"page","link":"https:\/\/www.erdoganozkaya.com.tr\/index.php\/dba-kantar-tartim-otomasyonu","title":{"rendered":"DBA Kantar Tart\u0131m Otomasyonu"},"content":{"rendered":"<p>DBA Kantar Tart\u0131m Otomasyonu bakanl\u0131\u011fa\u00a0 entegre sistem ile kantar tart\u0131mlar\u0131n\u0131 bakanl\u0131\u011fa bildirimi otomatik yap\u0131lmaktad\u0131r.<\/p>\n<p><img loading=\"lazy\" class=\"alignnone size-full wp-image-306\" src=\"http:\/\/www.erdoganozkaya.com.tr\/wp-content\/uploads\/2017\/09\/kantar-1-ekran.png\" alt=\"\" width=\"1081\" height=\"637\" srcset=\"https:\/\/www.erdoganozkaya.com.tr\/wp-content\/uploads\/2017\/09\/kantar-1-ekran.png 1081w, https:\/\/www.erdoganozkaya.com.tr\/wp-content\/uploads\/2017\/09\/kantar-1-ekran-300x177.png 300w, https:\/\/www.erdoganozkaya.com.tr\/wp-content\/uploads\/2017\/09\/kantar-1-ekran-768x453.png 768w, https:\/\/www.erdoganozkaya.com.tr\/wp-content\/uploads\/2017\/09\/kantar-1-ekran-1024x603.png 1024w, https:\/\/www.erdoganozkaya.com.tr\/wp-content\/uploads\/2017\/09\/kantar-1-ekran-110x65.png 110w\" sizes=\"(max-width: 1081px) 100vw, 1081px\" \/> <img loading=\"lazy\" class=\"alignnone size-full wp-image-307\" src=\"http:\/\/www.erdoganozkaya.com.tr\/wp-content\/uploads\/2017\/09\/kantar-2-ekran.png\" alt=\"\" width=\"1081\" height=\"635\" srcset=\"https:\/\/www.erdoganozkaya.com.tr\/wp-content\/uploads\/2017\/09\/kantar-2-ekran.png 1081w, https:\/\/www.erdoganozkaya.com.tr\/wp-content\/uploads\/2017\/09\/kantar-2-ekran-300x176.png 300w, https:\/\/www.erdoganozkaya.com.tr\/wp-content\/uploads\/2017\/09\/kantar-2-ekran-768x451.png 768w, https:\/\/www.erdoganozkaya.com.tr\/wp-content\/uploads\/2017\/09\/kantar-2-ekran-1024x602.png 1024w, https:\/\/www.erdoganozkaya.com.tr\/wp-content\/uploads\/2017\/09\/kantar-2-ekran-110x65.png 110w\" sizes=\"(max-width: 1081px) 100vw, 1081px\" \/><\/p>\n","protected":false},"excerpt":{"rendered":"<p>DBA Kantar Tart\u0131m Otomasyonu bakanl\u0131\u011fa\u00a0 entegre sistem ile kantar tart\u0131mlar\u0131n\u0131 bakanl\u0131\u011fa bildirimi otomatik yap\u0131lmaktad\u0131r.<\/p>\n","protected":false},"author":1,"featured_media":306,"parent":0,"menu_order":0,"comment_status":"closed","ping_status":"closed","template":"","meta":[],"_links":{"self":[{"href":"https:\/\/www.erdoganozkaya.com.tr\/index.php\/wp-json\/wp\/v2\/pages\/371"}],"collection":[{"href":"https:\/\/www.erdoganozkaya.com.tr\/index.php\/wp-json\/wp\/v2\/pages"}],"about":[{"href":"https:\/\/www.erdoganozkaya.com.tr\/index.php\/wp-json\/wp\/v2\/types\/page"}],"author":[{"embeddable":true,"href":"https:\/\/www.erdoganozkaya.com.tr\/index.php\/wp-json\/wp\/v2\/users\/1"}],"replies":[{"embeddable":true,"href":"https:\/\/www.erdoganozkaya.com.tr\/index.php\/wp-json\/wp\/v2\/comments?post=371"}],"version-history":[{"count":1,"href":"https:\/\/www.erdoganozkaya.com.tr\/index.php\/wp-json\/wp\/v2\/pages\/371\/revisions"}],"predecessor-version":[{"id":372,"href":"https:\/\/www.erdoganozkaya.com.tr\/index.php\/wp-json\/wp\/v2\/pages\/371\/revisions\/372"}],"wp:featuredmedia":[{"embeddable":true,"href":"https:\/\/www.erdoganozkaya.com.tr\/index.php\/wp-json\/wp\/v2\/media\/306"}],"wp:attachment":[{"href":"https:\/\/www.erdoganozkaya.com.tr\/index.php\/wp-json\/wp\/v2\/media?parent=371"}],"curies":[{"name":"wp","href":"https:\/\/api.w.org\/{rel}","templated":true}]}}